= -2*u, -12 = -u - 3*u. Let o(d) = -2*d - 5. Calculate o(j).
5
Let f(z) = -z**3 - 2*z - 1. Let d = 34 + -35. What is f(d)?
2
Suppose -2*d + 1 = -d. Let o be ((24/3)/2)/d. Suppose -o*c - 9 = -1. Let k(i) = -i**2 - i - 1. What is k(c)?
-3
Let w(r) = r**3 - 4*r**2 - 4*r. Let o be w(5). Let d = -1 + 3. Let b(a) = -6 + 2*a - d*a + 2*a. Determine b(o).
4
Let q be 22/5 - 4/10. Let v = 20 - -4. Let y(w) = 23*w**2 - v*w**2 + 3*w - 1 + 0. What is y(q)?
-5
Suppose 0 = -3*j - 4*i + 8, 4*i - 5 = 4*j + 3. Let a(f) be the second derivative of f**5/20 + f**4/12 - 3*f**2/2 + f. Give a(j).
-3
Let m(y) = y - 5. Let p = 4 - -8. Suppose -q = 2*q + p. Determine m(q).
-9
Let s(q) = -5*q**2 - q - 1. Let u be s(-1). Let c(g) = -6*g - 6. Let m(z) = -z - 1. Let h = -2 - -3. Let d(t) = h*c(t) - 4*m(t). What is d(u)?
8
Suppose 0 = 2*n + 1 - 5. Let q(a) = 6*a**n + 0*a**3 + 1 + 4 - a**3 - 7*a. Let g = 1 + 4. Calculate q(g).
-5
Let c = -134 - -140. Let v(i) = -2*i - 5. What is v(c)?
-17
Let c(n) be the third derivative of n**7/840 + n**6/90 - n**5/120 - n**4/6 + n**3/2 + 3*n**2. Let j(z) be the first derivative of c(z). Calculate j(-3).
8
Suppose 3*a - 1 = 8. Let p(n) = -6*n**a + 3*n + 0*n - 2*n. Give p(-1).
5
Let o(w) = 9*w**2 - 7*w - 15. Let x(d) = 5*d**2 - 4*d - 8. Let t(l) = -4*o(l) + 7*x(l). Determine t(-5).
-21
Let f(m) = m**3 - 7*m**2 + m - 5. Let l be 13/2 + (-1)/(-2). Give f(l).
2
Let z(u) = u**2 - 1. Suppose 3*q = -2*q - 15. Determine z(q).
8
Let c be -4 + 4 + 0 + 2. Let r(h) = 6 - 5*h + h**2 + 0*h + 0*h - c*h. Calculate r(4).
-6
Let j(m) be the first derivative of -m**2 - 8*m + 22. Give j(-7).
6
Suppose 2 + 2 = -n. Let l(s) = 0*s - s**2 - 3*s + 0*s. Calculate l(n).
-4
Let g(t) = -5*t - 15. Let v(f) = f + 7. Let z(w) = 1. Let p(i) = -v(i) + 4*z(i). Let x = 1 - 12. Let r(b) = x*p(b) + 2*g(b). Determine r(-4).
-1
Let m(s) = -3 + 2*s - 2*s - s + 0. Suppose -6 = -3*d, -2 = -5*v - 5*d - 7. Calculate m(v).
0
Let n(a) = 2*a - 3. Suppose 0 = c - 2*c. Suppose -g - o = 4*g + 24, -o - 4 = c. Let l = 7 + g. Determine n(l).
3
Let k(j) = j**2 + 4*j + 1. Suppose -16 = 4*g - 4. Determine k(g).
-2
Let s(p) = -p**3 - 5*p**2 - 3*p - 9. Let f be s(-5). Let n(g) = -f - g + 4*g - g + g. What is n(6)?
12
Suppose 9 = 5*r - 11. Let z(c) = 6*c - 12*c - c**3 + 5*c**2 + 4*c + 3. Calculate z(r).
11
Let t = -3 + 6. Let z be (-5)/t - 1/3. Let j(k) = -2*k**3 - k**2 + 2*k. Calculate j(z).
8
Let c(h) = 3*h**3 + 13*h**2 + 16*h - 1. Let z(f) = 2*f**3 + 7*f**2 + 8*f. Let t(q) = 3*c(q) - 5*z(q). Give t(5).
12
Let x(f) = -4*f**2 - 9*f - 1. Let g(h) = -5*h**2 - 10*h - 2. Let i(c) = -5*g(c) + 6*x(c). Let j be i(3). Let s(w) = 2 + w - j - 4 - 3*w. What is s(-2)?
1
Let x(r) be the second derivative of 1/12*r**4 + 2*r**2 + 3*r - 7/6*r**3 + 0. Calculate x(6).
-2
Let j(m) = -17*m**3 + 34*m**3 + 4*m**2 - 2 - 16*m**3. Calculate j(-3).
7
Let y(q) = -q**2 + 13*q + 12. Suppose -24 = -4*t + 32. Let b be y(t). Let r(h) = 3*h**2 + 1 - 3*h - h**2 + 6*h. Calculate r(b).
3
Let w(l) be the first derivative of -9*l**2/2 - l + 35. Give w(-2).
17
Let h(k) be the second derivative of -1/3*k**3 + k + 0*k**4 + 0 + 1/120*k**5 + 0*k**2. Let t(r) be the second derivative of h(r). What is t(-4)?
-4
Let z(i) be the third derivative of -i**6/120 + i**5/20 + i**4/4 - 2*i**3/3 - 3*i**2. Let m be -3*(26/(-6) + 3). Calculate z(m).
4
Let q(l) = 3*l**2 + 0*l + 5*l + 7*l - 14*l + l**3 + 4. Determine q(-3).
10
Let n(u) = -25*u - 11. Let j(s) = -12*s - 5. Let y(k) = 13*j(k) - 6*n(k). Let z = -35 - -36. Determine y(z).
-5
Let r(f) = -7*f - 3. Suppose -p + 4*w = 10, 3*p + 10 = -p + w. Give r(p).
11
Let t(a) = -4*a**2 + 5*a - 1. Let n(g) = -g**2 + g. Suppose r + 4 = 2*o, 0 = o - 2*o - 1. Let z(l) = r*n(l) + t(l). Determine z(-1).
2
Let h(d) be the first derivative of d**6/180 - d**5/15 + d**4/8 - 2*d**3/3 - 4. Let t(w) be the third derivative of h(w). What is t(5)?
13
Let l(f) = f**2 - 5*f - 7. Let j(v) = -1. Let w(u) = -j(u) - l(u). Calculate w(6).
2
Let i(j) = 1 + 7*j**2 + 7*j**2 + 0 - 2. Let q(l) = l**2 + 19*l - 21. Let r be q(-20). Determine i(r).
13
Suppose t + 13 = -3*i, -4*t - 5 = -4*i - 1. Let k(y) = y**2 + 4*y - 8. Let m(x) = -x**2 - 5*x + 9. Let q(f) = 5*k(f) + 4*m(f). Give q(i).
5
Let t(n) = -n - 1. Let c(l) = -5*l - 6. Let d(i) = i**2 - 10*i - 12. Let u be d(11). Let k(o) = u*c(o) + 6*t(o). Calculate k(5).
-5
Let b(o) = -4 - o**2 + 10 + 2 + 6*o. Determine b(8).
-8
Let n(t) = 9*t + 6*t**2 - 5 + 5*t**2 - 12*t**2. Determine n(8).
3
Let y(r) be the third derivative of r**6/120 - r**5/20 + r**4/8 - r**3/2 + 2*r**2. Suppose -12*f = -9*f - 9. What is y(f)?
6
Let f(l) = 2*l**3 + 4*l**2 + 4*l + 3. Let j(t) = -t**3 - 3*t**2 - t. Let a = 0 + 4. Suppose -a = -4*v + 6*v. Let d be j(v). Calculate f(d).
-5
Let o(v) = v**3 - 7*v**2 + 5*v + 7. Let j = 102 - 96. Calculate o(j).
1
Let u(p) = -2*p**2 - 19*p - 7. Let s(h) = -2*h**2 - 17*h - 6. Let f(b) = 5*s(b) - 4*u(b). Determine f(-6).
-20
Let d = 10 - 8. Suppose d = -n - 2*f, -1 = 5*n + 2*f + 9. Let z(q) = -2*q**2 - 4*q + 1. Let a(v) = -2*v**2 - 4*v. Let k(j) = -4*a(j) + 3*z(j). What is k(n)?
3
Let y(w) = -4*w**2 + 25*w + 25. Let d(z) = -z**2 + 8*z + 8. Let m be -1*(-3 + 4 + -3). Let h(o) = m*y(o) - 7*d(o). Calculate h(-4).
2
Let b be (3/2)/(3/(-4)). Let i be 2/(-4) + 9/b. Let a(x) = x**2 + 4*x - 1. Let c(k) = -1. Let p(y) = a(y) + 5*c(y). Give p(i).
-1
Suppose -t + 12 = -4*t. Let x(q) = -q**2 - 7*q - 2. What is x(t)?
10
Let j(z) = z**3 - z**2 - 2. Let r be j(2). Let s(x) = r + 4 + 1 - 11*x + 9*x. Calculate s(5).
-3
Let n(q) be the first derivative of -q**3/3 - 5*q**2/2 + 7*q + 22. Determine n(-7).
-7
Let x(d) = -d**2 - 5*d. Let j = 14 + -17. Let m be x(j). Let w(g) = -g**2 + 6*g - 9. What is w(m)?
-9
Let z = -4 - -9/2. Let x(k) be the second derivative of z*k**2 + 0 + 1/6*k**3 - k. What is x(-4)?
-3
Let w(c) be the first derivative of c**5/60 - c**4/6 + c**2/2 - 6. Let f(p) be the second derivative of w(p). Give f(4).
0
Let z(l) be the third derivative of l**6/120 - l**5/12 + l**4/24 - l**3/3 + 7*l**2. Calculate z(5).
3
Let s(w) = -w**3 + 9*w**2 - 5*w - 9. Let n(c) = 4*c + 64. Let z be n(-14). What is s(z)?
15
Let w = -41 - -39. Let k(c) = -2*c**3 - 2. What is k(w)?
14
Let q(v) be the second derivative of 0 + 2/3*v**3 + 1/2*v**2 + 2*v. Suppose 2*c + 1 = 3*c. What is q(c)?
5
Let p(u) = -u. Let m(q) = q**2 + 5*q. Let a be m(-5). Suppose a = 4*g - 5*g + 4. Suppose g = -2*r + 3*r. Give p(r).
-4
Let x(r) be the first derivative of -r**4/4 - 5*r**3/3 - 3*r**2/2 - 2*r - 7. Determine x(-4).
-6
Let u(y) be the first derivative of -7*y**3/3 + y**2/2 + y + 1. Suppose -5*h - 3 = -2*h. Give u(h).
-7
Let c(p) be the first derivative of -p**3/3 + p**2 - 2*p - 3. What is c(3)?
-5
Let q = -8 + 12. Suppose -q*a + 2 = -2*a. Let i(r) = -2*r**3 + 9*r**3 - 3*r**2 + 2*r**2. What is i(a)?
6
Let c be 3/(6/4) + 0. Let a(r) = -4*r + 1 + 0*r + c + 2*r. Calculate a(5).
-7
Let i(q) = -q**2 + 5*q + 3. Let c(t) = -t**3 - t**2 + 10*t - 2. Let b be c(-4). Calculate i(b).
-3
Let d(x) = -2*x**2 - 2*x + 2. Suppose -3*u - 4*w = -2*w - 8, 3*w - 3 = 0. Calculate d(u).
-10
Let l(n) = n**3 + n - 6. Let t be l(0). Let w(j) = j**2 + 6*j - 1. Let o(r) = -2*r**2 - 12*r + 2. Let f(v) = 3*o(v) + 7*w(v). Determine f(t).
-1
Suppose -15*v = -8*v. Let p(m) = -4 + 1 - 2 + m. Give p(v).
-5
Let k(z) be the second derivative of -z**6/720 + z**5/60 + z**4/4 + 3*z. Let u(b) be the third derivative of k(b). What is u(2)?
0
Let s(d) be the first derivative of -d**3/3 - 3*d**2 - 3*d - 22. Let q(c) = -c**3 + 5*c**2 + 10*c - 9. Let j be q(6). Let m be (3 + 2)*(-18)/j. What is s(m)?
-3
Let h(v) = -7*v**3 - v**2 - v + 1. Let r be 2/5 - 9/(-15). Calculate h(r).
-8
Let i(r) be the first derivative of 0*r - 1/60*r**5 + 1/120*r**6 + 0*r**3 + 1/12*r**4 - r**2 - 1. Let w(v) be the second derivative of i(v). Calculate w(2).
8
Let b(q) = -2*q + 4. Let h(a) be the second derivative of -a**3/6 + 2*a**2 + 6*a. Let y(s) = -2*b(s) + 3*h(s). What is y(-4)?
0
Suppose 0 = -5*m + 5*r - 1 - 9, -5*m + r + 10 = 0. Let y(a) = 3*a - 2. Give y(m).
7
Let q(p) = 7*p**3 - p**2 + p - 1. Let m(y) = -2*y**3 - 3*y**2. Let z be m(-2). Suppose -4*s + z + 0 = 0. Give q(s).
6
Let p(v) = -2*v + 2*v - v - 1. Suppose -3*s + 22 = r - 24, 3*s + 5*r = 62. Suppose a = -2*k - s, k - 11 = -2*a + 6*a. 